{"id":596,"date":"2023-10-24T20:15:11","date_gmt":"2023-10-25T02:15:11","guid":{"rendered":"https:\/\/rarn.usac.edu.gt\/?page_id=596"},"modified":"2024-02-29T14:38:23","modified_gmt":"2024-02-29T20:38:23","slug":"consejo-editorial","status":"publish","type":"page","link":"https:\/\/rarn.usac.edu.gt\/en\/consejo-editorial\/","title":{"rendered":"Editorial Team"},"content":{"rendered":"<p><\/p>\n\n\n\n<p><strong>Director<\/strong><br>Dr. Marco Vinicio Mej\u00eda D\u00e1vila<\/p>\n\n\n\n<p><strong>Coordinador Editorial<br><\/strong>Lic. Angel Alonzo<\/p>\n\n\n\n<p><strong>Administraci\u00f3n de la plataforma digital<br><\/strong>Jacqueline Rodr\u00edguez<\/p>\n\n\n\n<p class=\"has-text-color has-link-color has-medium-font-size wp-elements-65fee11270b378e4467d2ed37a302355\" style=\"color:#002770\"><strong>Equipo t\u00e9cnico<\/strong><\/p>\n\n\n\n<p><strong>Comunicaci\u00f3n y divulgaci\u00f3n<br><\/strong>Lcda. Gabriela Gayt\u00e1n<\/p>\n\n\n\n<p><strong>Dise\u00f1o y diagramaci\u00f3n<br><\/strong>Lcda. Rosario Gonz\u00e1lez<\/p>\n\n\n\n<p class=\"has-text-color has-link-color has-medium-font-size wp-elements-fc56709dbf25d8e7324e4391dc963066\" style=\"color:#002770\"><strong>Miembros del Comit\u00e9 Cient\u00edfico de Revisi\u00f3n y Arbitraje Externo<\/strong><\/p>\n\n\n\n<p><strong>MSc. Ana Cristina Estrada Quintero<br><\/strong>Universidad Rafael Land\u00edvar<br>acrisestrada@yahoo.com<\/p>\n\n\n\n<p><strong>Dr. William Bobadilla<br><\/strong>Universidad de Salamanca<br>infoderecho2002@yahoo.com<\/p>\n\n\n\n<p><strong>Dr. Oruam Cadex Marichal Guevara<br><\/strong>Universidad de Ciego de \u00c1vila M\u00e1ximo<br>G\u00f3mez B\u00e1ez, Cuba<br>oruamcmg@gmail.com<\/p>\n\n\n\n<p><strong>Dr. Ram\u00f3n Vidal Pla L\u00f3pez<br><\/strong>Universidad de Ciego de \u00c1vila M\u00e1ximo<br>G\u00f3mez B\u00e1ez, Cuba<br>ramonplalopez@gmail.com<\/p>\n\n\n\n<p><strong>Dr. Alberto Dario Garc\u00eda Guti\u00e9rrez<br><\/strong>Universidad de Ciego de \u00c1vila M\u00e1ximo<br>G\u00f3mez B\u00e1ez, Cuba<br>albertogg0855@gmail.com<\/p>","protected":false},"excerpt":{"rendered":"<p>DirectorDr. Marco Vinicio Mej\u00eda D\u00e1vila Coordinador EditorialLic. Angel Alonzo Administraci\u00f3n de la plataforma digitalJacqueline Rodr\u00edguez Equipo t\u00e9cnico Comunicaci\u00f3n y divulgaci\u00f3nLcda. Gabriela Gayt\u00e1n Dise\u00f1o y diagramaci\u00f3nLcda. Rosario Gonz\u00e1lez Miembros del Comit\u00e9 Cient\u00edfico de Revisi\u00f3n y Arbitraje Externo MSc. Ana Cristina Estrada QuinteroUniversidad Rafael Land\u00edvaracrisestrada@yahoo.com Dr. William BobadillaUniversidad de Salamancainfoderecho2002@yahoo.com Dr. Oruam Cadex Marichal GuevaraUniversidad de Ciego [&hellip;]<\/p>","protected":false},"author":1,"featured_media":0,"parent":0,"menu_order":0,"comment_status":"closed","ping_status":"closed","template":"","meta":{"footnotes":""},"class_list":["post-596","page","type-page","status-publish","czr-hentry"],"yoast_head":"<!-- This site is optimized with the Yoast SEO plugin v23.4 - https:\/\/yoast.com\/wordpress\/plugins\/seo\/ -->\n<title>Consejo Editorial - An\u00e1lisis de la Realidad Nacional<\/title>\n<meta name=\"robots\" content=\"index, follow, max-snippet:-1, max-image-preview:large, max-video-preview:-1\" \/>\n<link rel=\"canonical\" href=\"https:\/\/rarn.usac.edu.gt\/en\/consejo-editorial\/\" \/>\n<meta property=\"og:locale\" content=\"en_US\" \/>\n<meta property=\"og:type\" content=\"article\" \/>\n<meta property=\"og:title\" content=\"Consejo Editorial - An\u00e1lisis de la Realidad Nacional\" \/>\n<meta property=\"og:description\" content=\"DirectorDr. Marco Vinicio Mej\u00eda D\u00e1vila Coordinador EditorialLic. Angel Alonzo Administraci\u00f3n de la plataforma digitalJacqueline Rodr\u00edguez Equipo t\u00e9cnico Comunicaci\u00f3n y divulgaci\u00f3nLcda. Gabriela Gayt\u00e1n Dise\u00f1o y diagramaci\u00f3nLcda. Rosario Gonz\u00e1lez Miembros del Comit\u00e9 Cient\u00edfico de Revisi\u00f3n y Arbitraje Externo MSc. Ana Cristina Estrada QuinteroUniversidad Rafael Land\u00edvaracrisestrada@yahoo.com Dr. William BobadillaUniversidad de Salamancainfoderecho2002@yahoo.com Dr. Oruam Cadex Marichal GuevaraUniversidad de Ciego [&hellip;]\" \/>\n<meta property=\"og:url\" content=\"https:\/\/rarn.usac.edu.gt\/en\/consejo-editorial\/\" \/>\n<meta property=\"og:site_name\" content=\"An\u00e1lisis de la Realidad Nacional\" \/>\n<meta property=\"article:modified_time\" content=\"2024-02-29T20:38:23+00:00\" \/>\n<meta name=\"twitter:card\" content=\"summary_large_image\" \/>\n<meta name=\"twitter:label1\" content=\"Est. reading time\" \/>\n\t<meta name=\"twitter:data1\" content=\"1 minute\" \/>\n<script type=\"application\/ld+json\" class=\"yoast-schema-graph\">{\"@context\":\"https:\/\/schema.org\",\"@graph\":[{\"@type\":\"WebPage\",\"@id\":\"https:\/\/rarn.usac.edu.gt\/consejo-editorial\/\",\"url\":\"https:\/\/rarn.usac.edu.gt\/consejo-editorial\/\",\"name\":\"Consejo Editorial - An\u00e1lisis de la Realidad Nacional\",\"isPartOf\":{\"@id\":\"https:\/\/rarn.usac.edu.gt\/#website\"},\"datePublished\":\"2023-10-25T02:15:11+00:00\",\"dateModified\":\"2024-02-29T20:38:23+00:00\",\"breadcrumb\":{\"@id\":\"https:\/\/rarn.usac.edu.gt\/consejo-editorial\/#breadcrumb\"},\"inLanguage\":\"en-US\",\"potentialAction\":[{\"@type\":\"ReadAction\",\"target\":[\"https:\/\/rarn.usac.edu.gt\/consejo-editorial\/\"]}]},{\"@type\":\"BreadcrumbList\",\"@id\":\"https:\/\/rarn.usac.edu.gt\/consejo-editorial\/#breadcrumb\",\"itemListElement\":[{\"@type\":\"ListItem\",\"position\":1,\"name\":\"Portada\",\"item\":\"https:\/\/rarn.usac.edu.gt\/\"},{\"@type\":\"ListItem\",\"position\":2,\"name\":\"Consejo Editorial\"}]},{\"@type\":\"WebSite\",\"@id\":\"https:\/\/rarn.usac.edu.gt\/#website\",\"url\":\"https:\/\/rarn.usac.edu.gt\/\",\"name\":\"An\u00e1lisis de la Realidad Nacional\",\"description\":\"Revista An\u00e1lisis de la Realidad Nacional\",\"publisher\":{\"@id\":\"https:\/\/rarn.usac.edu.gt\/#organization\"},\"potentialAction\":[{\"@type\":\"SearchAction\",\"target\":{\"@type\":\"EntryPoint\",\"urlTemplate\":\"https:\/\/rarn.usac.edu.gt\/?s={search_term_string}\"},\"query-input\":{\"@type\":\"PropertyValueSpecification\",\"valueRequired\":true,\"valueName\":\"search_term_string\"}}],\"inLanguage\":\"en-US\"},{\"@type\":\"Organization\",\"@id\":\"https:\/\/rarn.usac.edu.gt\/#organization\",\"name\":\"An\u00e1lisis de la Realidad Nacional\",\"url\":\"https:\/\/rarn.usac.edu.gt\/\",\"logo\":{\"@type\":\"ImageObject\",\"inLanguage\":\"en-US\",\"@id\":\"https:\/\/rarn.usac.edu.gt\/#\/schema\/logo\/image\/\",\"url\":\"https:\/\/rarn.usac.edu.gt\/wp-content\/uploads\/2023\/11\/Main_Banner.png\",\"contentUrl\":\"https:\/\/rarn.usac.edu.gt\/wp-content\/uploads\/2023\/11\/Main_Banner.png\",\"width\":1920,\"height\":300,\"caption\":\"An\u00e1lisis de la Realidad Nacional\"},\"image\":{\"@id\":\"https:\/\/rarn.usac.edu.gt\/#\/schema\/logo\/image\/\"}}]}<\/script>\n<!-- \/ Yoast SEO plugin. -->","yoast_head_json":{"title":"Consejo Editorial - An\u00e1lisis de la Realidad Nacional","robots":{"index":"index","follow":"follow","max-snippet":"max-snippet:-1","max-image-preview":"max-image-preview:large","max-video-preview":"max-video-preview:-1"},"canonical":"https:\/\/rarn.usac.edu.gt\/en\/consejo-editorial\/","og_locale":"en_US","og_type":"article","og_title":"Consejo Editorial - An\u00e1lisis de la Realidad Nacional","og_description":"DirectorDr. Marco Vinicio Mej\u00eda D\u00e1vila Coordinador EditorialLic. Angel Alonzo Administraci\u00f3n de la plataforma digitalJacqueline Rodr\u00edguez Equipo t\u00e9cnico Comunicaci\u00f3n y divulgaci\u00f3nLcda. Gabriela Gayt\u00e1n Dise\u00f1o y diagramaci\u00f3nLcda. Rosario Gonz\u00e1lez Miembros del Comit\u00e9 Cient\u00edfico de Revisi\u00f3n y Arbitraje Externo MSc. Ana Cristina Estrada QuinteroUniversidad Rafael Land\u00edvaracrisestrada@yahoo.com Dr. William BobadillaUniversidad de Salamancainfoderecho2002@yahoo.com Dr. Oruam Cadex Marichal GuevaraUniversidad de Ciego [&hellip;]","og_url":"https:\/\/rarn.usac.edu.gt\/en\/consejo-editorial\/","og_site_name":"An\u00e1lisis de la Realidad Nacional","article_modified_time":"2024-02-29T20:38:23+00:00","twitter_card":"summary_large_image","twitter_misc":{"Est. reading time":"1 minute"},"schema":{"@context":"https:\/\/schema.org","@graph":[{"@type":"WebPage","@id":"https:\/\/rarn.usac.edu.gt\/consejo-editorial\/","url":"https:\/\/rarn.usac.edu.gt\/consejo-editorial\/","name":"Consejo Editorial - An\u00e1lisis de la Realidad Nacional","isPartOf":{"@id":"https:\/\/rarn.usac.edu.gt\/#website"},"datePublished":"2023-10-25T02:15:11+00:00","dateModified":"2024-02-29T20:38:23+00:00","breadcrumb":{"@id":"https:\/\/rarn.usac.edu.gt\/consejo-editorial\/#breadcrumb"},"inLanguage":"en-US","potentialAction":[{"@type":"ReadAction","target":["https:\/\/rarn.usac.edu.gt\/consejo-editorial\/"]}]},{"@type":"BreadcrumbList","@id":"https:\/\/rarn.usac.edu.gt\/consejo-editorial\/#breadcrumb","itemListElement":[{"@type":"ListItem","position":1,"name":"Portada","item":"https:\/\/rarn.usac.edu.gt\/"},{"@type":"ListItem","position":2,"name":"Consejo Editorial"}]},{"@type":"WebSite","@id":"https:\/\/rarn.usac.edu.gt\/#website","url":"https:\/\/rarn.usac.edu.gt\/","name":"An\u00e1lisis de la Realidad Nacional","description":"Revista An\u00e1lisis de la Realidad Nacional","publisher":{"@id":"https:\/\/rarn.usac.edu.gt\/#organization"},"potentialAction":[{"@type":"SearchAction","target":{"@type":"EntryPoint","urlTemplate":"https:\/\/rarn.usac.edu.gt\/?s={search_term_string}"},"query-input":{"@type":"PropertyValueSpecification","valueRequired":true,"valueName":"search_term_string"}}],"inLanguage":"en-US"},{"@type":"Organization","@id":"https:\/\/rarn.usac.edu.gt\/#organization","name":"An\u00e1lisis de la Realidad Nacional","url":"https:\/\/rarn.usac.edu.gt\/","logo":{"@type":"ImageObject","inLanguage":"en-US","@id":"https:\/\/rarn.usac.edu.gt\/#\/schema\/logo\/image\/","url":"https:\/\/rarn.usac.edu.gt\/wp-content\/uploads\/2023\/11\/Main_Banner.png","contentUrl":"https:\/\/rarn.usac.edu.gt\/wp-content\/uploads\/2023\/11\/Main_Banner.png","width":1920,"height":300,"caption":"An\u00e1lisis de la Realidad Nacional"},"image":{"@id":"https:\/\/rarn.usac.edu.gt\/#\/schema\/logo\/image\/"}}]}},"post_mailing_queue_ids":[],"_links":{"self":[{"href":"https:\/\/rarn.usac.edu.gt\/en\/wp-json\/wp\/v2\/pages\/596","targetHints":{"allow":["GET"]}}],"collection":[{"href":"https:\/\/rarn.usac.edu.gt\/en\/wp-json\/wp\/v2\/pages"}],"about":[{"href":"https:\/\/rarn.usac.edu.gt\/en\/wp-json\/wp\/v2\/types\/page"}],"author":[{"embeddable":true,"href":"https:\/\/rarn.usac.edu.gt\/en\/wp-json\/wp\/v2\/users\/1"}],"replies":[{"embeddable":true,"href":"https:\/\/rarn.usac.edu.gt\/en\/wp-json\/wp\/v2\/comments?post=596"}],"version-history":[{"count":3,"href":"https:\/\/rarn.usac.edu.gt\/en\/wp-json\/wp\/v2\/pages\/596\/revisions"}],"predecessor-version":[{"id":2193,"href":"https:\/\/rarn.usac.edu.gt\/en\/wp-json\/wp\/v2\/pages\/596\/revisions\/2193"}],"wp:attachment":[{"href":"https:\/\/rarn.usac.edu.gt\/en\/wp-json\/wp\/v2\/media?parent=596"}],"curies":[{"name":"wp","href":"https:\/\/api.w.org\/{rel}","templated":true}]}}

<p></p>



<p><strong>Director</strong><br>Dr. Marco Vinicio Mejía Dávila</p>



<p><strong>Coordinador Editorial<br></strong>Lic. Angel Alonzo</p>



<p><strong>Administración de la plataforma digital<br></strong>Jacqueline Rodríguez</p>



<p class="has-text-color has-link-color has-medium-font-size wp-elements-65fee11270b378e4467d2ed37a302355" style="color:#002770"><strong>Equipo técnico</strong></p>



<p><strong>Comunicación y divulgación<br></strong>Lcda. Gabriela Gaytán</p>



<p><strong>Diseño y diagramación<br></strong>Lcda. Rosario González</p>



<p class="has-text-color has-link-color has-medium-font-size wp-elements-fc56709dbf25d8e7324e4391dc963066" style="color:#002770"><strong>Miembros del Comité Científico de Revisión y Arbitraje Externo</strong></p>



<p><strong>MSc. Ana Cristina Estrada Quintero<br></strong>Universidad Rafael Landívar<br>acrisestrada@yahoo.com</p>



<p><strong>Dr. William Bobadilla<br></strong>Universidad de Salamanca<br>infoderecho2002@yahoo.com</p>



<p><strong>Dr. Oruam Cadex Marichal Guevara<br></strong>Universidad de Ciego de Ávila Máximo<br>Gómez Báez, Cuba<br>oruamcmg@gmail.com</p>



<p><strong>Dr. Ramón Vidal Pla López<br></strong>Universidad de Ciego de Ávila Máximo<br>Gómez Báez, Cuba<br>ramonplalopez@gmail.com</p>



<p><strong>Dr. Alberto Dario García Gutiérrez<br></strong>Universidad de Ciego de Ávila Máximo<br>Gómez Báez, Cuba<br>albertogg0855@gmail.com</p>

<p>DirectorDr. Marco Vinicio Mejía Dávila Coordinador EditorialLic. Angel Alonzo Administración de la plataforma digitalJacqueline Rodríguez Equipo técnico Comunicación y divulgaciónLcda. Gabriela Gaytán Diseño y diagramaciónLcda. Rosario González Miembros del Comité Científico de Revisión y Arbitraje Externo MSc. Ana Cristina Estrada QuinteroUniversidad Rafael Landívaracrisestrada@yahoo.com Dr. William BobadillaUniversidad de Salamancainfoderecho2002@yahoo.com Dr. Oruam Cadex Marichal GuevaraUniversidad de Ciego [&hellip;]</p>

<!-- This site is optimized with the Yoast SEO plugin v23.4 - https://yoast.com/wordpress/plugins/seo/ -->
<title>Consejo Editorial - Análisis de la Realidad Nacional</title>
<meta name="robots" content="index, follow, max-snippet:-1, max-image-preview:large, max-video-preview:-1" />
<link rel="canonical" href="https://rarn.usac.edu.gt/en/consejo-editorial/" />
<meta property="og:locale" content="en_US" />
<meta property="og:type" content="article" />
<meta property="og:title" content="Consejo Editorial - Análisis de la Realidad Nacional" />
<meta property="og:description" content="DirectorDr. Marco Vinicio Mejía Dávila Coordinador EditorialLic. Angel Alonzo Administración de la plataforma digitalJacqueline Rodríguez Equipo técnico Comunicación y divulgaciónLcda. Gabriela Gaytán Diseño y diagramaciónLcda. Rosario González Miembros del Comité Científico de Revisión y Arbitraje Externo MSc. Ana Cristina Estrada QuinteroUniversidad Rafael Landívaracrisestrada@yahoo.com Dr. William BobadillaUniversidad de Salamancainfoderecho2002@yahoo.com Dr. Oruam Cadex Marichal GuevaraUniversidad de Ciego [&hellip;]" />
<meta property="og:url" content="https://rarn.usac.edu.gt/en/consejo-editorial/" />
<meta property="og:site_name" content="Análisis de la Realidad Nacional" />
<meta property="article:modified_time" content="2024-02-29T20:38:23+00:00" />
<meta name="twitter:card" content="summary_large_image" />
<meta name="twitter:label1" content="Est. reading time" />
	<meta name="twitter:data1" content="1 minute" />
<script type="application/ld+json" class="yoast-schema-graph">{"@context":"https://schema.org","@graph":[{"@type":"WebPage","@id":"https://rarn.usac.edu.gt/consejo-editorial/","url":"https://rarn.usac.edu.gt/consejo-editorial/","name":"Consejo Editorial - Análisis de la Realidad Nacional","isPartOf":{"@id":"https://rarn.usac.edu.gt/#website"},"datePublished":"2023-10-25T02:15:11+00:00","dateModified":"2024-02-29T20:38:23+00:00","breadcrumb":{"@id":"https://rarn.usac.edu.gt/consejo-editorial/#breadcrumb"},"inLanguage":"en-US","potentialAction":[{"@type":"ReadAction","target":["https://rarn.usac.edu.gt/consejo-editorial/"]}]},{"@type":"BreadcrumbList","@id":"https://rarn.usac.edu.gt/consejo-editorial/#breadcrumb","itemListElement":[{"@type":"ListItem","position":1,"name":"Portada","item":"https://rarn.usac.edu.gt/"},{"@type":"ListItem","position":2,"name":"Consejo Editorial"}]},{"@type":"WebSite","@id":"https://rarn.usac.edu.gt/#website","url":"https://rarn.usac.edu.gt/","name":"Análisis de la Realidad Nacional","description":"Revista Análisis de la Realidad Nacional","publisher":{"@id":"https://rarn.usac.edu.gt/#organization"},"potentialAction":[{"@type":"SearchAction","target":{"@type":"EntryPoint","urlTemplate":"https://rarn.usac.edu.gt/?s={search_term_string}"},"query-input":{"@type":"PropertyValueSpecification","valueRequired":true,"valueName":"search_term_string"}}],"inLanguage":"en-US"},{"@type":"Organization","@id":"https://rarn.usac.edu.gt/#organization","name":"Análisis de la Realidad Nacional","url":"https://rarn.usac.edu.gt/","logo":{"@type":"ImageObject","inLanguage":"en-US","@id":"https://rarn.usac.edu.gt/#/schema/logo/image/","url":"https://rarn.usac.edu.gt/wp-content/uploads/2023/11/Main_Banner.png","contentUrl":"https://rarn.usac.edu.gt/wp-content/uploads/2023/11/Main_Banner.png","width":1920,"height":300,"caption":"Análisis de la Realidad Nacional"},"image":{"@id":"https://rarn.usac.edu.gt/#/schema/logo/image/"}}]}</script>
<!-- / Yoast SEO plugin. -->

Consejo Editorial - Análisis de la Realidad Nacional

DirectorDr. Marco Vinicio Mejía Dávila Coordinador EditorialLic. Angel Alonzo Administración de la plataforma digitalJacqueline Rodríguez Equipo técnico Comunicación y divulgaciónLcda. Gabriela Gaytán Diseño y diagramaciónLcda. Rosario González Miembros del Comité Científico de Revisión y Arbitraje Externo MSc. Ana Cristina Estrada QuinteroUniversidad Rafael Landívaracrisestrada@yahoo.com Dr. William BobadillaUniversidad de Salamancainfoderecho2002@yahoo.com Dr. Oruam Cadex Marichal GuevaraUniversidad de Ciego [&hellip;]

Análisis de la Realidad Nacional

Revista Análisis de la Realidad Nacional
